{"id":7080,"date":"2023-06-04T18:55:36","date_gmt":"2023-06-04T17:55:36","guid":{"rendered":"https:\/\/skimboard.com\/edenv4\/?post_type=product&#038;p=7080"},"modified":"2026-04-14T11:40:20","modified_gmt":"2026-04-14T10:40:20","slug":"skimboard-adultes-zt-big-fish","status":"publish","type":"product","link":"https:\/\/skimboard.com\/edenv4\/produit\/skimboard-adultes-zt-big-fish\/","title":{"rendered":"Skimboard adultes ZT-Big Fish"},"content":{"rendered":"<p>Si vous faites aux alentours de 1,85 m \/ 85 kg,\u00a0 jusqu\u2019\u00e0 1,90m \/ 95 kg , ou si vous n\u2019avez plus 20 ans et que vous cherchez un fun facile, ce mod\u00e8le <strong><em>Big Fish<\/em> <\/strong>vous conviendra parfaitement.<br \/>\nLes skimboarders, m\u00eame exp\u00e9riment\u00e9s, passent souvent \u00e0 cette forme de planche une fois pass\u00e9 35 ans, car leur course est moins rapide et leur poids moins \u201caff\u00fbt\u00e9\u201d.<\/p>\n<p>La planche \u00e0 un arri\u00e8re (<em>tail<\/em>) carr\u00e9 en forme de queue de poisson (<em>fish tail<\/em>), avec des\u00a0<em>wings<\/em>\u00a0(d\u00e9crochements de la ligne du rail au 1\/3 arri\u00e8re) ce qui permet d\u2019avoir une planche tr\u00e8s large, donc porteuse et stable, sans \u00eatre trop longue et difficile \u00e0 manier.<br \/>\nCe shape assure\u00a0<strong>une \u00e9norme portance et une grande stabilit\u00e9<\/strong>. Moins radicale dans les manoeuvres que le shape\u00a0<em>Classic<\/em>\u00a0, mais plus\u00a0<strong>\u201cconfortable\u201d \u00e0 rider<\/strong>, elle fera plaisir \u00e0 tous les utilisateurs qui recherchent surtout la portance et la facilit\u00e9, ou qui ont un gros gabarit.<\/p>\n<p>D\u2019une excellente construction, l\u00e9g\u00e8res, durables et performantes, ces planches de skimboard sont int\u00e9gralement fabriqu\u00e9es \u00e0 la main en France, dans notre atelier de Bordeaux.<br \/>\nC\u0153ur en mousse de PVC Airex 100% waterproof, stratifi\u00e9 sous-vide tissu de verre E-glass et r\u00e9sine polyester.<br \/>\nL\u2019avant et l\u2019arri\u00e8re de la planche sont plus fins (l\u2019\u00e9paisseur diminue progressivement du milieu vers les extr\u00e9mit\u00e9s) pour plus de r\u00e9activit\u00e9. Gr\u00e2ce \u00e0 la stratification sous-vide le rapport l\u00e9g\u00e8ret\u00e9\/r\u00e9sistance est excellent.\u00a0Le dessous de la planche (semelle de glisse) est toujours en blanc pour une meilleure r\u00e9sistance aux rayures.<\/p>\n<p>M\u00eame si c\u2019est notre gamme de base, la qualit\u00e9 est largement au-dessus des planches \u201cMade in China\u201d que l\u2019on trouve ordinairement (grande surface du sport etc\u2026), qui ont toutes un coeur en mousse de polyur\u00e9thane ou en polystyr\u00e8ne expans\u00e9 (EPS), fragiles aux coups de talon, et sensibles aux infiltrations d\u2019eau et \u00e0 la chaleur.<\/p>\n<div>\n<p><strong>PROMO !<\/strong>\u00a0\u00a0Pour l\u2019achat d\u2019un skimboard + des grips (Grip arri\u00e8re + barre avant) + une housse, vous b\u00e9n\u00e9ficiez d\u2019une r\u00e9duction de 20% sur la housse choisie \u00a0 Voir: <strong><a href=\"https:\/\/skimboard.com\/edenv4\/bien-equiper-votre-skimboard\/\">Offre PACK<\/a> <\/strong><\/p>\n<\/div>\n","protected":false},"excerpt":{"rendered":"<p>Planche de skimboard \u00a0mod\u00e8le <strong>ZT-<em>Big Fish <\/em><\/strong>(taille unique)<\/p>\n","protected":false},"featured_media":5702,"comment_status":"open","ping_status":"closed","template":"","meta":[],"product_brand":[],"product_cat":[81],"product_tag":[],"class_list":{"0":"post-7080","1":"product","2":"type-product","3":"status-publish","4":"has-post-thumbnail","6":"product_cat-skimboards-stock","7":"post-preview","9":"first","10":"instock","11":"taxable","12":"shipping-taxable","13":"purchasable","14":"product-type-variable","15":"has-default-attributes"},"_links":{"self":[{"href":"https:\/\/skimboard.com\/edenv4\/wp-json\/wp\/v2\/product\/7080","targetHints":{"allow":["GET"]}}],"collection":[{"href":"https:\/\/skimboard.com\/edenv4\/wp-json\/wp\/v2\/product"}],"about":[{"href":"https:\/\/skimboard.com\/edenv4\/wp-json\/wp\/v2\/types\/product"}],"replies":[{"embeddable":true,"href":"https:\/\/skimboard.com\/edenv4\/wp-json\/wp\/v2\/comments?post=7080"}],"wp:featuredmedia":[{"embeddable":true,"href":"https:\/\/skimboard.com\/edenv4\/wp-json\/wp\/v2\/media\/5702"}],"wp:attachment":[{"href":"https:\/\/skimboard.com\/edenv4\/wp-json\/wp\/v2\/media?parent=7080"}],"wp:term":[{"taxonomy":"product_brand","embeddable":true,"href":"https:\/\/skimboard.com\/edenv4\/wp-json\/wp\/v2\/product_brand?post=7080"},{"taxonomy":"product_cat","embeddable":true,"href":"https:\/\/skimboard.com\/edenv4\/wp-json\/wp\/v2\/product_cat?post=7080"},{"taxonomy":"product_tag","embeddable":true,"href":"https:\/\/skimboard.com\/edenv4\/wp-json\/wp\/v2\/product_tag?post=7080"}],"curies":[{"name":"wp","href":"https:\/\/api.w.org\/{rel}","templated":true}]}}