{"id":6992,"date":"2023-06-03T12:00:43","date_gmt":"2023-06-03T11:00:43","guid":{"rendered":"https:\/\/skimboard.com\/edenv4\/?post_type=product&#038;p=6992"},"modified":"2026-04-12T16:57:53","modified_gmt":"2026-04-12T15:57:53","slug":"wax-antiderapante","status":"publish","type":"product","link":"https:\/\/skimboard.com\/edenv4\/produit\/wax-antiderapante\/","title":{"rendered":"Wax antid\u00e9rapante"},"content":{"rendered":"<div class=\"post-header\"><span style=\"color: #333333; font-size: 16px;\">I<\/span>l est indispensable de mettre de la wax <span style=\"color: #333333; font-size: 16px;\">r\u00e9guli\u00e8rement sur le dessus de votre skimboard, aux endroits non couverts par les grips (sauf si vous avez pris un <a href=\"https:\/\/skimboard.com\/edenv4\/produit\/set-full-deck\/\"><strong><em>\u00a0Full Deck<\/em><\/strong><\/a>). Sinon vous n\u2019aurez JAMAIS un contact S\u00dbR avec votre planche.<br \/>\nLe dessus d&#8217;un surf ou d&#8217;un skimboard est lisse, il ne peut pas \u00eatre rugueux comme un skateboard ou un Windsurf car on y monte pieds nus.<br \/>\nIl faut donc rajouter quelque chose d&#8217;antid\u00e9rapant mais <strong>non agressif pour les pieds:<\/strong>\u00a0 des grips \u00e0 coller (inusables), et de la wax (qu&#8217;il faut renouveler quand elle est us\u00e9e).<\/span>Cette<strong style=\"color: #333333; font-size: 16px;\"> Wax GREENFIX est \u00e9cologique<\/strong><span style=\"color: #333333; font-size: 16px;\"> (100% des ingr\u00e9dients sont d\u2019origine naturelle), de <\/span><strong style=\"color: #333333; font-size: 16px;\">fabrication fran\u00e7aise<\/strong><span style=\"color: #333333; font-size: 16px;\">, et <\/span><strong style=\"color: #333333; font-size: 16px;\">partenaire de Surfrider Foundation Europe<\/strong><span style=\"color: #333333; font-size: 16px;\">.<\/span><\/div>\n<div class=\"post-content entry-content\">\n<div>En plus de cet aspect \u00e9cologique elle a l\u2019\u00e9norme avantage de <strong>ne pas fondre au soleil<\/strong> ! M\u00eame en pleine chaleur, quand les autres\u00a0wax coulent comme de la bougie sur une nappe et salissent la housse ou la voiture.<\/div>\n<div>Nous vous proposons deux vari\u00e9t\u00e9s:<\/div>\n<ul>\n<li><em><strong>Tropical,<\/strong><\/em> plus dure elle ramollira moins \u00e0 la chaleur.<\/li>\n<li><em><strong>Warm,<\/strong><\/em> plus molle donc plus adh\u00e9rente.<\/li>\n<\/ul>\n<p>Sachant qu\u2019un skimboard ne trempe pas en permanence dans l\u2019eau (contrairement \u00e0 un surf) ce n\u2019est pas tant la temp\u00e9rature de l\u2019eau qui compte mais plut\u00f4t celle de l\u2019air, ainsi que votre feeling personnel.<br \/>\nIl peut \u00eatre utile de prendre les deux vari\u00e9t\u00e9s, en effet pour mettre sur une planche neuve et lisse il est pr\u00e9f\u00e9rable de commencer par une couche de wax dure pour former un relief stable (base) puis de le compl\u00e9ter r\u00e9guli\u00e8rement par une fine couche de wax molle et plus adh\u00e9rente sous les pieds (mais qui s\u2019usera plus vite). Vu le faible prix ce n\u2019est pas un grand luxe\u2026<\/p>\n<\/div>\n<div class=\"post-content entry-content\"><strong><br \/>\nPour une question de frais d\u2019envoi ce produit n\u2019est pas vendu seul, mais seulement en compl\u00e9ment d\u2019un autre envoi.<\/strong><\/div>\n","protected":false},"excerpt":{"rendered":"<p><strong>Wax antid\u00e9rapante GREENFIX \u00e9cologique<\/strong> (100% des ingr\u00e9dients sont d\u2019origine naturelle) de <strong>fabrication fran\u00e7aise<\/strong>, et <strong>partenaire de Surfrider Foundation Europe<\/strong>.<\/p>\n","protected":false},"featured_media":1075,"comment_status":"open","ping_status":"closed","template":"","meta":[],"product_brand":[],"product_cat":[84],"product_tag":[],"class_list":{"0":"post-6992","1":"product","2":"type-product","3":"status-publish","4":"has-post-thumbnail","6":"product_cat-grips-de-skimboard","7":"post-preview","9":"first","10":"instock","11":"taxable","12":"shipping-taxable","13":"purchasable","14":"product-type-variable"},"_links":{"self":[{"href":"https:\/\/skimboard.com\/edenv4\/wp-json\/wp\/v2\/product\/6992","targetHints":{"allow":["GET"]}}],"collection":[{"href":"https:\/\/skimboard.com\/edenv4\/wp-json\/wp\/v2\/product"}],"about":[{"href":"https:\/\/skimboard.com\/edenv4\/wp-json\/wp\/v2\/types\/product"}],"replies":[{"embeddable":true,"href":"https:\/\/skimboard.com\/edenv4\/wp-json\/wp\/v2\/comments?post=6992"}],"wp:featuredmedia":[{"embeddable":true,"href":"https:\/\/skimboard.com\/edenv4\/wp-json\/wp\/v2\/media\/1075"}],"wp:attachment":[{"href":"https:\/\/skimboard.com\/edenv4\/wp-json\/wp\/v2\/media?parent=6992"}],"wp:term":[{"taxonomy":"product_brand","embeddable":true,"href":"https:\/\/skimboard.com\/edenv4\/wp-json\/wp\/v2\/product_brand?post=6992"},{"taxonomy":"product_cat","embeddable":true,"href":"https:\/\/skimboard.com\/edenv4\/wp-json\/wp\/v2\/product_cat?post=6992"},{"taxonomy":"product_tag","embeddable":true,"href":"https:\/\/skimboard.com\/edenv4\/wp-json\/wp\/v2\/product_tag?post=6992"}],"curies":[{"name":"wp","href":"https:\/\/api.w.org\/{rel}","templated":true}]}}