{"id":6887,"date":"2023-06-02T10:08:14","date_gmt":"2023-06-02T09:08:14","guid":{"rendered":"https:\/\/skimboard.com\/edenv4\/?post_type=product&#038;p=6887"},"modified":"2026-04-28T19:00:36","modified_gmt":"2026-04-28T18:00:36","slug":"barre-avant-arch-bar-pour-skimboard","status":"publish","type":"product","link":"https:\/\/skimboard.com\/edenv4\/produit\/barre-avant-arch-bar-pour-skimboard\/","title":{"rendered":"Barre avant \/ Arch Bar pour skimboard"},"content":{"rendered":"<p>&nbsp;<\/p>\n<p><img loading=\"lazy\" decoding=\"async\" class=\"alignnone size-medium wp-image-7563\" src=\"https:\/\/skimboard.com\/edenv4\/wp-content\/uploads\/2023\/08\/logo-2023-barre-300x287.jpg\" alt=\"\" width=\"300\" height=\"287\" srcset=\"https:\/\/skimboard.com\/edenv4\/wp-content\/uploads\/2023\/08\/logo-2023-barre-300x287.jpg 300w, https:\/\/skimboard.com\/edenv4\/wp-content\/uploads\/2023\/08\/logo-2023-barre-600x573.jpg 600w, https:\/\/skimboard.com\/edenv4\/wp-content\/uploads\/2023\/08\/logo-2023-barre-1024x978.jpg 1024w, https:\/\/skimboard.com\/edenv4\/wp-content\/uploads\/2023\/08\/logo-2023-barre-768x734.jpg 768w, https:\/\/skimboard.com\/edenv4\/wp-content\/uploads\/2023\/08\/logo-2023-barre-676x646.jpg 676w, https:\/\/skimboard.com\/edenv4\/wp-content\/uploads\/2023\/08\/logo-2023-barre.jpg 1386w\" sizes=\"auto, (max-width: 300px) 100vw, 300px\" \/><\/p>\n<p>Les Barres avant \/Arch bar sont quasi indispensables en skimboard afin de bien centrer son pied avant sur l\u2019axe de la planche. La voute plantaire de votre pied (foot Arch) se cale sur le relief form\u00e9 par la barre, et reste bien dans l&#8217;axe.<\/p>\n<p>Nos Barres avant sont monobloc, taill\u00e9es dans la masse d\u2019une mousse \u00e9paisse de 1 cm, ce qui \u00e9vite le probl\u00e8me de relevage\/d\u00e9collement des bords, r\u00e9curent sur les mod\u00e8les fins\u00a0 avec un insert central interne. De plus, cela permet de les ajuster \u00e0 la taille de la planche en les coupant simplement au cutter.<\/p>\n<p><strong>La taille 51 cm convient aux skimboards pour enfants et au mod\u00e8le Ubik<\/strong>. On peut aussi l\u2019utiliser pour les planches adultes, auquel cas elle ne couvrira pas toute la longueur, mais ce n\u2019est pas un gros souci.<br \/>\n<strong>La taille 75 cm convient aux planches adultes<\/strong>, et sera coup\u00e9e \u00e0 la bonne longueur si besoin.<\/p>\n<p>Le mod\u00e8le<strong> Eco Noir<\/strong> fait 48cm et n&#8217;a pas de logo. Sobre et aussi efficace que la 51 cm.<\/p>\n<div id=\"attachment_7151\" style=\"width: 135px\" class=\"wp-caption alignnone\"><img loading=\"lazy\" decoding=\"async\" aria-describedby=\"caption-attachment-7151\" class=\"wp-image-7151 \" src=\"https:\/\/skimboard.com\/edenv4\/wp-content\/uploads\/2023\/06\/134-bleu-grips-432x1024.jpg\" alt=\"\" width=\"125\" height=\"296\" srcset=\"https:\/\/skimboard.com\/edenv4\/wp-content\/uploads\/2023\/06\/134-bleu-grips-432x1024.jpg 432w, https:\/\/skimboard.com\/edenv4\/wp-content\/uploads\/2023\/06\/134-bleu-grips-scaled-600x1421.jpg 600w, https:\/\/skimboard.com\/edenv4\/wp-content\/uploads\/2023\/06\/134-bleu-grips-127x300.jpg 127w, https:\/\/skimboard.com\/edenv4\/wp-content\/uploads\/2023\/06\/134-bleu-grips-768x1819.jpg 768w, https:\/\/skimboard.com\/edenv4\/wp-content\/uploads\/2023\/06\/134-bleu-grips-648x1536.jpg 648w, https:\/\/skimboard.com\/edenv4\/wp-content\/uploads\/2023\/06\/134-bleu-grips-865x2048.jpg 865w, https:\/\/skimboard.com\/edenv4\/wp-content\/uploads\/2023\/06\/134-bleu-grips-676x1601.jpg 676w, https:\/\/skimboard.com\/edenv4\/wp-content\/uploads\/2023\/06\/134-bleu-grips-scaled.jpg 1081w\" sizes=\"auto, (max-width: 125px) 100vw, 125px\" \/><p id=\"caption-attachment-7151\" class=\"wp-caption-text\">Barre avant + Wax<\/p><\/div>\n<div id=\"attachment_1485\" style=\"width: 134px\" class=\"wp-caption alignnone\"><img loading=\"lazy\" decoding=\"async\" aria-describedby=\"caption-attachment-1485\" class=\"wp-image-1485 size-medium\" src=\"https:\/\/skimboard.com\/edenv4\/wp-content\/uploads\/2017\/07\/pads-eden-20-board-bleu-124x300.jpg\" alt=\"\" width=\"124\" height=\"300\" srcset=\"https:\/\/skimboard.com\/edenv4\/wp-content\/uploads\/2017\/07\/pads-eden-20-board-bleu-124x300.jpg 124w, https:\/\/skimboard.com\/edenv4\/wp-content\/uploads\/2017\/07\/pads-eden-20-board-bleu-scaled-600x1448.jpg 600w, https:\/\/skimboard.com\/edenv4\/wp-content\/uploads\/2017\/07\/pads-eden-20-board-bleu-768x1852.jpg 768w, https:\/\/skimboard.com\/edenv4\/wp-content\/uploads\/2017\/07\/pads-eden-20-board-bleu-425x1024.jpg 425w, https:\/\/skimboard.com\/edenv4\/wp-content\/uploads\/2017\/07\/pads-eden-20-board-bleu-676x1630.jpg 676w, https:\/\/skimboard.com\/edenv4\/wp-content\/uploads\/2017\/07\/pads-eden-20-board-bleu-scaled.jpg 1061w\" sizes=\"auto, (max-width: 124px) 100vw, 124px\" \/><p id=\"caption-attachment-1485\" class=\"wp-caption-text\">barre 51 cm sur planche adulte<\/p><\/div>\n<p>Elles peuvent \u00eatre compl\u00e9t\u00e9es par des pi\u00e8ces lat\u00e9rales afin de cr\u00e9er un <a href=\"https:\/\/skimboard.com\/edenv4\/pads-avant-full-deck\/\">Full Deck<\/a> et se passer compl\u00e8tement de wax.<br \/>\n<img loading=\"lazy\" decoding=\"async\" class=\"alignnone size-medium wp-image-2658\" src=\"https:\/\/skimboard.com\/edenv4\/wp-content\/uploads\/2020\/04\/anton3-300x236.jpg\" alt=\"\" width=\"300\" height=\"236\" srcset=\"https:\/\/skimboard.com\/edenv4\/wp-content\/uploads\/2020\/04\/anton3-300x236.jpg 300w, https:\/\/skimboard.com\/edenv4\/wp-content\/uploads\/2020\/04\/anton3-600x472.jpg 600w, https:\/\/skimboard.com\/edenv4\/wp-content\/uploads\/2020\/04\/anton3-1024x805.jpg 1024w, https:\/\/skimboard.com\/edenv4\/wp-content\/uploads\/2020\/04\/anton3-768x604.jpg 768w, https:\/\/skimboard.com\/edenv4\/wp-content\/uploads\/2020\/04\/anton3-1536x1208.jpg 1536w, https:\/\/skimboard.com\/edenv4\/wp-content\/uploads\/2020\/04\/anton3-676x531.jpg 676w, https:\/\/skimboard.com\/edenv4\/wp-content\/uploads\/2020\/04\/anton3.jpg 2048w\" sizes=\"auto, (max-width: 300px) 100vw, 300px\" \/><\/p>\n<p>Les Grips sont autocollants,<strong> nous les collerons gratuitement sur votre planche neuve avant la livraison, sauf indication expresse contraire de votre part.<\/strong><br \/>\nA noter que si vous achetez une planche neuve sans grips, vous devrez la waxer enti\u00e8rement pour l\u2019utiliser, puis si vous d\u00e9cidez finalement d\u2019y coller des grips vous devrez la nettoyer et la d\u00e9graisser enti\u00e8rement sinon la colle ne tiendra pas.\u00a0D\u2019ailleurs la colle tient toujours mieux sur une planche neuve.<br \/>\nDonc autant prendre les grips d\u00e8s le d\u00e9part<\/p>\n<p><strong>Si vous devez coller vous-m\u00eame vos grips, suivre nos <a href=\"https:\/\/skimboard.com\/edenv4\/grips-conseils-de-collage\/\">CONSEILS DE COLLAGE<\/a><\/strong><\/p>\n","protected":false},"excerpt":{"rendered":"<p>Barre avant \/ Arch Bar pour skimboards. Existe en deux tailles (Voir <strong>Descriptif<\/strong>)<\/p>\n","protected":false},"featured_media":7127,"comment_status":"open","ping_status":"closed","template":"","meta":[],"product_brand":[],"product_cat":[84],"product_tag":[],"class_list":{"0":"post-6887","1":"product","2":"type-product","3":"status-publish","4":"has-post-thumbnail","6":"product_cat-grips-de-skimboard","7":"post-preview","9":"first","10":"instock","11":"taxable","12":"shipping-taxable","13":"purchasable","14":"product-type-variable"},"_links":{"self":[{"href":"https:\/\/skimboard.com\/edenv4\/wp-json\/wp\/v2\/product\/6887","targetHints":{"allow":["GET"]}}],"collection":[{"href":"https:\/\/skimboard.com\/edenv4\/wp-json\/wp\/v2\/product"}],"about":[{"href":"https:\/\/skimboard.com\/edenv4\/wp-json\/wp\/v2\/types\/product"}],"replies":[{"embeddable":true,"href":"https:\/\/skimboard.com\/edenv4\/wp-json\/wp\/v2\/comments?post=6887"}],"wp:featuredmedia":[{"embeddable":true,"href":"https:\/\/skimboard.com\/edenv4\/wp-json\/wp\/v2\/media\/7127"}],"wp:attachment":[{"href":"https:\/\/skimboard.com\/edenv4\/wp-json\/wp\/v2\/media?parent=6887"}],"wp:term":[{"taxonomy":"product_brand","embeddable":true,"href":"https:\/\/skimboard.com\/edenv4\/wp-json\/wp\/v2\/product_brand?post=6887"},{"taxonomy":"product_cat","embeddable":true,"href":"https:\/\/skimboard.com\/edenv4\/wp-json\/wp\/v2\/product_cat?post=6887"},{"taxonomy":"product_tag","embeddable":true,"href":"https:\/\/skimboard.com\/edenv4\/wp-json\/wp\/v2\/product_tag?post=6887"}],"curies":[{"name":"wp","href":"https:\/\/api.w.org\/{rel}","templated":true}]}}