{"id":5509,"date":"2023-04-18T16:22:39","date_gmt":"2023-04-18T15:22:39","guid":{"rendered":"https:\/\/skimboard.com\/edenv4\/?post_type=product&#038;p=5509"},"modified":"2026-04-04T13:27:54","modified_gmt":"2026-04-04T12:27:54","slug":"skimboard-ubik-fibre-de-verre","status":"publish","type":"product","link":"https:\/\/skimboard.com\/edenv4\/produit\/skimboard-ubik-fibre-de-verre\/","title":{"rendered":"Skimboard UBIK &#8211; fibre de verre"},"content":{"rendered":"<p>La UBIK est la planche familiale d&#8217;initiation au skimboard, avec le meilleur rapport qualit\u00e9\/prix du march\u00e9.<\/p>\n<p>Grace \u00e0 sa construction identique \u00e0 nos planches pour adultes elle est tr\u00e8s solide et utilisable par un pratiquant de\u00a0 36 kg \u00e0 80 kg sans risque de casse, tout en \u00e9tant assez l\u00e9g\u00e8re (1,9 kg seulement !) pour \u00eatre manipul\u00e9e facilement par un ado l\u00e9ger.<\/p>\n<p>UBIK vient de \u201cubiquit\u00e9\u201d, ce qui veut dire que cette planche a \u00e9t\u00e9 pens\u00e9e pour \u201cfaire plusieurs choses \u00e0 la fois, dans des endroits diff\u00e9rents\u201d:<\/p>\n<ul>\n<li>Pour un pratiquant de 35Kg \u00e0 59Kg elle aura assez de portance et sera assez l\u00e9g\u00e8re\u00a0 pour glisser loin et surfer les vagues.<\/li>\n<li>Pour un pratiquant de 59Kg jusqu\u2019\u00e0 80Kg elle sera assez solide pour supporter son poids et glisser sur le <em><strong>Flat<\/strong> <\/em>(sable plat) \u00e0 mar\u00e9e basse, pour une pratique d\u2019initiation et perfectionnement.<\/li>\n<\/ul>\n<p><strong>Concr\u00e8tement, un ado\/adulte l\u00e9ger pourra faire du vrai surf de vagues avec, et son grand fr\u00e8re ou son p\u00e8re de 80Kg pourront lui emprunter sans risque, mais en se contentant de glisser sur le bord \u00e0 cause du manque de portance (ce que de toute fa\u00e7on tous les d\u00e9butants font \u2026).<\/strong><\/p>\n<p>Techniquement il n\u2019y a aucune diff\u00e9rence de construction avec notre gamme de skimboard foamies \u201cAdultes\u201d, elles sont aussi int\u00e9gralement fabriqu\u00e9es \u00e0 la main en France dans notre atelier de Bordeaux, avec un c\u0153ur en mousse de PVC Airex 100% waterproof, stratifi\u00e9 tissu de verre E-glass et r\u00e9sine polyester.<br \/>\nPour tenir le prix le plus bas possible nous avons simplifi\u00e9 la gamme. Il n\u2019y a qu\u2019une taille 125cm, et qu\u2019une couleur, le blanc.<\/p>\n<p><strong>PROMO !<\/strong>\u00a0\u00a0Pour l\u2019achat d\u2019un skimboard + des grips (Grip arri\u00e8re + barre avant) + une housse, vous b\u00e9n\u00e9ficiez d\u2019une r\u00e9duction de 20% sur la housse choisie \u00a0 Voir: <strong><a href=\"https:\/\/skimboard.com\/edenv4\/bien-equiper-votre-skimboard\/\">Offre PACK<\/a><\/strong><\/p>\n<section class=\"related products\"><\/section>\n","protected":false},"excerpt":{"rendered":"<p>Planche de skimboard pour adolescents de 39 kg \u00e0 59 kg<br \/>\nUtilisable par un adulte jusqu&#8217;\u00e0 80 kg pour de l&#8217;initiation au <em><strong>Flat<\/strong><br \/>\nTaille unique 125 cm x 51 cm (49\u201d pouces US) et<strong> couleur blanc<\/strong> <strong>uniquement<\/strong> dessus\/dessous<br \/>\n<\/em><\/p>\n","protected":false},"featured_media":5723,"comment_status":"open","ping_status":"closed","template":"","meta":[],"product_brand":[],"product_cat":[81],"product_tag":[],"class_list":{"0":"post-5509","1":"product","2":"type-product","3":"status-publish","4":"has-post-thumbnail","6":"product_cat-skimboards-stock","7":"post-preview","9":"first","10":"instock","11":"taxable","12":"shipping-taxable","13":"purchasable","14":"product-type-variable"},"_links":{"self":[{"href":"https:\/\/skimboard.com\/edenv4\/wp-json\/wp\/v2\/product\/5509","targetHints":{"allow":["GET"]}}],"collection":[{"href":"https:\/\/skimboard.com\/edenv4\/wp-json\/wp\/v2\/product"}],"about":[{"href":"https:\/\/skimboard.com\/edenv4\/wp-json\/wp\/v2\/types\/product"}],"replies":[{"embeddable":true,"href":"https:\/\/skimboard.com\/edenv4\/wp-json\/wp\/v2\/comments?post=5509"}],"wp:featuredmedia":[{"embeddable":true,"href":"https:\/\/skimboard.com\/edenv4\/wp-json\/wp\/v2\/media\/5723"}],"wp:attachment":[{"href":"https:\/\/skimboard.com\/edenv4\/wp-json\/wp\/v2\/media?parent=5509"}],"wp:term":[{"taxonomy":"product_brand","embeddable":true,"href":"https:\/\/skimboard.com\/edenv4\/wp-json\/wp\/v2\/product_brand?post=5509"},{"taxonomy":"product_cat","embeddable":true,"href":"https:\/\/skimboard.com\/edenv4\/wp-json\/wp\/v2\/product_cat?post=5509"},{"taxonomy":"product_tag","embeddable":true,"href":"https:\/\/skimboard.com\/edenv4\/wp-json\/wp\/v2\/product_tag?post=5509"}],"curies":[{"name":"wp","href":"https:\/\/api.w.org\/{rel}","templated":true}]}}