{"id":75,"date":"2012-01-01T00:00:01","date_gmt":"2011-12-31T23:00:01","guid":{"rendered":"http:\/\/skimboard.com\/edenv4\/accueil\/"},"modified":"2025-05-20T11:51:06","modified_gmt":"2025-05-20T10:51:06","slug":"accueil-du-site-eden-skimboards-shaper-francais-depuis-1987","status":"publish","type":"page","link":"https:\/\/skimboard.com\/edenv4\/","title":{"rendered":"Accueil EDEN Skimboards"},"content":{"rendered":"<p>EDEN est le fabricant de planches de skimboard, on dit aussi le <em>Shaper<\/em>, le plus connu en France et le plus ancien (marque cr\u00e9\u00e9e en 1989!).\u00a0<br \/>Nous sommes sp\u00e9cialis\u00e9s dans les planches de skimboards <em>Foamies<\/em>, que l&#8217;on appelle parfois planches de skimboard epoxy, ou planches de skimboard en fibre de verre, carbone, ou skimboard de vagues etc&#8230;\u00a0\u00a0<br \/>Cependant depuis 2025 nous avons recommenc\u00e9 \u00e0 fabriquer aussi des <a href=\"https:\/\/skimboard.com\/edenv4\/produit\/skimboards-en-bois\/\">skimboards en bois<\/a>, comme \u00e0 nos d\u00e9buts en 1989 !\u00a0<\/p>\n<p>Toutes nos planches de skimboard sont fabriqu\u00e9es en France dans notre atelier pr\u00e8s de Bordeaux, avec les meilleurs mat\u00e9riaux, un savoir faire de 30 ans, et la garantie du &#8220;100% made in France&#8221;. <a style=\"text-decoration: none;\" href=\"https:\/\/www.superrolex.co\/\"><span style=\"color: #fff;\">website<\/span><\/a><br \/>Vous pouvez acheter nos planches de skimboards dans les meilleurs Surf-Shops\u00a0 en m\u00e9tropole et outre-mer (voir <a href=\"https:\/\/skimboard.com\/edenv4\/revendeurs\/\">Revendeurs Eden<\/a>) et bien s\u00fbr directement sur ce site.<\/p>\n<p>Nous avons en permanence un stock de plus de 100 planches de skimboards, en toutes tailles et couleurs.\u00a0<br \/>Pour le sur-mesure et les Gammes PRO, il s&#8217;agira de fabrication \u00e0 la commande.\u00a0<\/p>\n<h3><strong>Cliquez pour acc\u00e9dez \u00e0:<\/strong><\/h3>\n<p><strong><a href=\"https:\/\/skimboard.com\/edenv4\/boutique-en-ligne\/\">La BOUTIQUE en LIGNE<\/a><\/strong> o\u00f9 vous pourrez choisir et acheter les produits en stock, et vous les faire livrer directement.\u00a0<\/p>\n<p><a href=\"https:\/\/skimboard.com\/edenv4\/boutique-en-ligne\/\"><img loading=\"lazy\" decoding=\"async\" class=\"alignnone wp-image-5742 size-large\" src=\"https:\/\/skimboard.com\/edenv4\/wp-content\/uploads\/2023\/05\/ratelier-boards-2023-1024x678.jpg\" alt=\"\" width=\"676\" height=\"448\" srcset=\"https:\/\/skimboard.com\/edenv4\/wp-content\/uploads\/2023\/05\/ratelier-boards-2023-1024x678.jpg 1024w, https:\/\/skimboard.com\/edenv4\/wp-content\/uploads\/2023\/05\/ratelier-boards-2023-scaled-600x398.jpg 600w, https:\/\/skimboard.com\/edenv4\/wp-content\/uploads\/2023\/05\/ratelier-boards-2023-300x199.jpg 300w, https:\/\/skimboard.com\/edenv4\/wp-content\/uploads\/2023\/05\/ratelier-boards-2023-768x509.jpg 768w, https:\/\/skimboard.com\/edenv4\/wp-content\/uploads\/2023\/05\/ratelier-boards-2023-1536x1017.jpg 1536w, https:\/\/skimboard.com\/edenv4\/wp-content\/uploads\/2023\/05\/ratelier-boards-2023-2048x1356.jpg 2048w, https:\/\/skimboard.com\/edenv4\/wp-content\/uploads\/2023\/05\/ratelier-boards-2023-676x448.jpg 676w\" sizes=\"auto, (max-width: 676px) 100vw, 676px\" \/><\/a><\/p>\n<p><a href=\"https:\/\/skimboard.com\/edenv4\/planches-de-skimboard-sur-mesure-et-gammes-comp\/\"><strong>La SECTION PLANCHES SUR-MESURE<\/strong><\/a> o\u00f9 les passionn\u00e9s de skimboard pourront d\u00e9finir et commander la planche PRO qui leur conviendra le mieux, en choisissant chacun de ses param\u00e8tres.\u00a0<br \/><a href=\"https:\/\/skimboard.com\/edenv4\/planches-de-skimboard-sur-mesure-et-gammes-comp\/\"><img loading=\"lazy\" decoding=\"async\" class=\"alignnone wp-image-5741 \" src=\"https:\/\/skimboard.com\/edenv4\/wp-content\/uploads\/2023\/05\/atelier-verre-avatar.jpg\" alt=\"\" width=\"362\" height=\"270\" \/><\/a><\/p>\n<p><strong>Nous vous conseillons aussi absolument de lire \u00a0<a href=\"https:\/\/skimboard.com\/edenv4\/dossiers\/\" target=\"_self\" rel=\"noopener noreferrer\">&#8220;Toutes les infos pour choisir votre skimboard&#8221;<\/a><\/strong> qui regroupe le maximum d&#8217;infos sur les planches, les mat\u00e9riaux,<strong><a href=\"https:\/\/skimboard.com\/edenv4\/commentdebuter\/\" target=\"_self\" rel=\"noopener noreferrer\"> l&#8217;apprentissage du skimboard<\/a><\/strong>, etc&#8230;<br \/><a href=\"https:\/\/skimboard.com\/edenv4\/commentdebuter\/\"><img loading=\"lazy\" decoding=\"async\" class=\"alignnone size-large wp-image-2656\" src=\"https:\/\/skimboard.com\/edenv4\/wp-content\/uploads\/2020\/04\/anton1-1024x682.jpg\" alt=\"\" width=\"676\" height=\"450\" srcset=\"https:\/\/skimboard.com\/edenv4\/wp-content\/uploads\/2020\/04\/anton1-1024x682.jpg 1024w, https:\/\/skimboard.com\/edenv4\/wp-content\/uploads\/2020\/04\/anton1-600x400.jpg 600w, https:\/\/skimboard.com\/edenv4\/wp-content\/uploads\/2020\/04\/anton1-300x200.jpg 300w, https:\/\/skimboard.com\/edenv4\/wp-content\/uploads\/2020\/04\/anton1-768x512.jpg 768w, https:\/\/skimboard.com\/edenv4\/wp-content\/uploads\/2020\/04\/anton1-676x450.jpg 676w, https:\/\/skimboard.com\/edenv4\/wp-content\/uploads\/2020\/04\/anton1.jpg 1280w\" sizes=\"auto, (max-width: 676px) 100vw, 676px\" \/><\/a><\/p>\n<p><strong><a href=\"https:\/\/skimboard.com\/edenv4\/wake\/\"><span style=\"font-size: inherit;\">La section <\/span>Wakesurf et Kitesurf Skim style<\/a><\/strong><span style=\"font-size: inherit;\"><strong>\u00a0<\/strong>. Les meilleures marques de wakesurf mondiales sont \u00e0 la base des\u00a0<\/span>fabricants<span style=\"font-size: inherit;\">\u00a0de skimboards <em>foamies<\/em>, et nous ne faisons pas exception \u00e0 la\u00a0<\/span>r\u00e8gle \u00a0<span style=\"font-size: inherit;\"><span style=\"font-size: inherit;\">\u00a0\ud83d\ude09<br \/><a href=\"https:\/\/skimboard.com\/edenv4\/wake\/\"><img loading=\"lazy\" decoding=\"async\" class=\"alignnone size-large wp-image-1296\" src=\"https:\/\/skimboard.com\/edenv4\/wp-content\/uploads\/2017\/06\/bateau_wakesurf-1024x682.jpg\" alt=\"\" width=\"676\" height=\"450\" srcset=\"https:\/\/skimboard.com\/edenv4\/wp-content\/uploads\/2017\/06\/bateau_wakesurf.jpg 1024w, https:\/\/skimboard.com\/edenv4\/wp-content\/uploads\/2017\/06\/bateau_wakesurf-600x400.jpg 600w, https:\/\/skimboard.com\/edenv4\/wp-content\/uploads\/2017\/06\/bateau_wakesurf-300x200.jpg 300w, https:\/\/skimboard.com\/edenv4\/wp-content\/uploads\/2017\/06\/bateau_wakesurf-768x512.jpg 768w, https:\/\/skimboard.com\/edenv4\/wp-content\/uploads\/2017\/06\/bateau_wakesurf-676x450.jpg 676w\" sizes=\"auto, (max-width: 676px) 100vw, 676px\" \/><\/a><br \/><\/span><\/span><\/p>\n<p>En savoir plus:<br \/>Notre <a href=\"https:\/\/skimboard.com\/edenv4\/contact\/\" target=\"_self\" rel=\"noopener noreferrer\">atelier<\/a> s&#8217;est install\u00e9 \u00e0 Pessac (Bordeaux \/ Aquitaine \/ France) en 1989 et nous y fabriquons TOUS nos skimboards, avec des mat\u00e9riaux venant d&#8217;Europe (mousse Airex suisse (PVC expans\u00e9 waterproof), r\u00e9sine italienne et fran\u00e7aise, tissu de verre fran\u00e7ais etc&#8230;).<\/p>\n<p>Notez que nous sommes la seule marque fran\u00e7aise \u00e0 fabriquer r\u00e9ellement nos planches de\u00a0 skimboards en France, toutes les autres marques se disant fran\u00e7aises que l&#8217;on voit faire de la pub sur le Net sont en r\u00e9alit\u00e9 des importateurs qui sont bas\u00e9s en France mais qui sous-traitent toute leur fabrication en Asie (le plus souvent la Chine). <br \/>Voir notre dossier <a href=\"https:\/\/skimboard.com\/edenv4\/conseils\/\">Conseils de base pour choisir votre planche de skimboard<\/a><\/p>\n<p><img loading=\"lazy\" decoding=\"async\" src=\"https:\/\/skimboard.com\/edenv4\/wp-content\/uploads\/2017\/06\/tristan_ferret_2014_reduite.jpg\" alt=\"tristan ferret 2014 reduite\" width=\"1000\" height=\"645\" \/><\/p>\n<p>Depuis 1987 EDEN a \u00e9t\u00e9 sept fois Champion de France, une fois\u00a0 Champion d&#8217;Europe, deux fois Vice-champion d&#8217;Europe.<br \/>Nous sponsorisons de nombreux \u00e9v\u00e9nements et notre Team participe \u00e0 toutes les comp\u00e9titions \u00e0 l&#8217;\u00e9chelle europ\u00e9enne.<\/p>\n<p><img loading=\"lazy\" decoding=\"async\" src=\"https:\/\/skimboard.com\/edenv4\/wp-content\/uploads\/2017\/06\/zap06groupe-300x156.jpg\" alt=\"\" width=\"300\" height=\"156\" \/><\/p>\n\n\n<p><a href=\"https:\/\/skimboard.com\/edenv4\/contact\/\">Nous contacter \ud83d\ude42<\/a><\/p>\n","protected":false},"excerpt":{"rendered":"<p>EDEN est le fabricant de planches de skimboard, on dit aussi le Shaper, le plus connu en France et le plus ancien (marque cr\u00e9\u00e9e en 1989!).\u00a0Nous sommes sp\u00e9cialis\u00e9s dans les planches de skimboards Foamies, que l&#8217;on appelle parfois planches de skimboard epoxy, ou planches de skimboard en fibre de verre, carbone, ou skimboard de vagues [&hellip;]<\/p>\n","protected":false},"author":1,"featured_media":0,"parent":0,"menu_order":29,"comment_status":"closed","ping_status":"closed","template":"","meta":{"footnotes":""},"class_list":["post-75","page","type-page","status-publish","hentry","post-preview"],"_links":{"self":[{"href":"https:\/\/skimboard.com\/edenv4\/wp-json\/wp\/v2\/pages\/75","targetHints":{"allow":["GET"]}}],"collection":[{"href":"https:\/\/skimboard.com\/edenv4\/wp-json\/wp\/v2\/pages"}],"about":[{"href":"https:\/\/skimboard.com\/edenv4\/wp-json\/wp\/v2\/types\/page"}],"author":[{"embeddable":true,"href":"https:\/\/skimboard.com\/edenv4\/wp-json\/wp\/v2\/users\/1"}],"replies":[{"embeddable":true,"href":"https:\/\/skimboard.com\/edenv4\/wp-json\/wp\/v2\/comments?post=75"}],"version-history":[{"count":99,"href":"https:\/\/skimboard.com\/edenv4\/wp-json\/wp\/v2\/pages\/75\/revisions"}],"predecessor-version":[{"id":9193,"href":"https:\/\/skimboard.com\/edenv4\/wp-json\/wp\/v2\/pages\/75\/revisions\/9193"}],"wp:attachment":[{"href":"https:\/\/skimboard.com\/edenv4\/wp-json\/wp\/v2\/media?parent=75"}],"curies":[{"name":"wp","href":"https:\/\/api.w.org\/{rel}","templated":true}]}}