{"id":22,"date":"2012-01-01T00:00:01","date_gmt":"2011-12-31T23:00:01","guid":{"rendered":"http:\/\/skimboard.com\/edenv4\/livraison\/"},"modified":"2025-10-14T22:11:58","modified_gmt":"2025-10-14T21:11:58","slug":"livraison","status":"publish","type":"page","link":"https:\/\/skimboard.com\/edenv4\/livraison\/","title":{"rendered":"Livraison \/ Shipping"},"content":{"rendered":"<p><strong>France m\u00e9tropolitaine, hors Corse:\u00a0<\/strong><\/p>\n<ul>\n<li>Le transport est gratuit \u00e0 partir de 150\u20ac d&#8217;achat.<\/li>\n<li>En dessous de 150\u20ac: Forfait de 10\u20ac<\/li>\n<li>D\u00e9lai de livraison: 2 jours ouvr\u00e9s.<\/li>\n<\/ul>\n<p>Pour la Corse, les DOM-TOM, la CEE, et l&#8217;\u00e9tranger, le calculateur automatique de frais de livraison inclus dans votre <strong><em>Panier<\/em> <\/strong>vous indiquera le montant des frais pour les destinations courantes. Pour les autres destinations \u00a0<a href=\"https:\/\/skimboard.com\/edenv4\/contact\/\">nous consulter<\/a>.<\/p>\n<p>Nos envois sont confi\u00e9s majoritairement au transporteur Chronopost pour les colis avec planches et sont soumis aux conditions de livraison de Chronopost. Ils sont couverts par une assurance &#8220;perte\/d\u00e9t\u00e9rioration&#8221;, mais vous devez V\u00c9RIFIER l&#8217;\u00e9tat du colis \u00e0 la r\u00e9ception. En cas d&#8217;avarie vous DEVEZ faire les r\u00e9serves l\u00e9gales au livreur\u00a0 au moment de la r\u00e9ception, si vous ne le faites pas, nous ne pourrons rien faire et nous serons d\u00e9gag\u00e9s de toutes obligations.<\/p>\n<p>Le d\u00e9lai de livraison Chronopost pour la France m\u00e9tropolitaine (hors Corse) est de 1 \u00e0 2 jours ouvr\u00e9s. Cependant attention, comme tous les transporteurs, Chronopost peut avoir des &#8220;rat\u00e9s&#8221;, m\u00eame si c&#8217;est rare, donc n&#8217;attendez pas la derni\u00e8re minute pour commander. Les colis d\u2019accessoires sont exp\u00e9di\u00e9s en colissimo, d\u00e9lais de 48h \u00e0 72h<\/p>\n<p><span style=\"font-size: inherit;\">les d\u00e9lais d\u2019exp\u00e9dition des commandes sont de 1 \u00e0 2 jours ouvr\u00e9s sauf en basse saison o\u00f9 ils peuvent s\u2019allonger de quelques jours, octobre \/ novembre et janvier \/ f\u00e9vrier\u00a0<\/span><\/p>\n<p class=\"MsoNormal\"><strong>ATTENTION, pour l&#8217;EXPORT HORS de la CEE:<\/strong><br \/>\nPour un envoi vers les DOM-TOM fran\u00e7ais, ou un pays\u00a0hors CEE, vous b\u00e9n\u00e9ficiez automatiquement du prix HT \u00a0<a href=\"https:\/\/skimboard.com\/edenv4\/dutyfreeshop\/\">DUTY FREE <\/a>.<br \/>\n<span style=\"font-size: 12pt; font-family: arial,helvetica,sans-serif;\"><br \/>\n<\/span><\/p>\n","protected":false},"excerpt":{"rendered":"<p>France m\u00e9tropolitaine, hors Corse:\u00a0 Le transport est gratuit \u00e0 partir de 150\u20ac d&#8217;achat. En dessous de 150\u20ac: Forfait de 10\u20ac D\u00e9lai de livraison: 2 jours ouvr\u00e9s. Pour la Corse, les DOM-TOM, la CEE, et l&#8217;\u00e9tranger, le calculateur automatique de frais de livraison inclus dans votre Panier vous indiquera le montant des frais pour les destinations [&hellip;]<\/p>\n","protected":false},"author":1,"featured_media":0,"parent":0,"menu_order":77,"comment_status":"closed","ping_status":"closed","template":"","meta":{"footnotes":""},"class_list":["post-22","page","type-page","status-publish","hentry","post-preview"],"_links":{"self":[{"href":"https:\/\/skimboard.com\/edenv4\/wp-json\/wp\/v2\/pages\/22","targetHints":{"allow":["GET"]}}],"collection":[{"href":"https:\/\/skimboard.com\/edenv4\/wp-json\/wp\/v2\/pages"}],"about":[{"href":"https:\/\/skimboard.com\/edenv4\/wp-json\/wp\/v2\/types\/page"}],"author":[{"embeddable":true,"href":"https:\/\/skimboard.com\/edenv4\/wp-json\/wp\/v2\/users\/1"}],"replies":[{"embeddable":true,"href":"https:\/\/skimboard.com\/edenv4\/wp-json\/wp\/v2\/comments?post=22"}],"version-history":[{"count":14,"href":"https:\/\/skimboard.com\/edenv4\/wp-json\/wp\/v2\/pages\/22\/revisions"}],"predecessor-version":[{"id":9582,"href":"https:\/\/skimboard.com\/edenv4\/wp-json\/wp\/v2\/pages\/22\/revisions\/9582"}],"wp:attachment":[{"href":"https:\/\/skimboard.com\/edenv4\/wp-json\/wp\/v2\/media?parent=22"}],"curies":[{"name":"wp","href":"https:\/\/api.w.org\/{rel}","templated":true}]}}