{"id":147,"date":"2012-12-08T17:15:44","date_gmt":"2012-12-08T16:15:44","guid":{"rendered":"http:\/\/skimboard.com\/edenv4\/commentdebuter\/"},"modified":"2024-07-20T14:00:51","modified_gmt":"2024-07-20T13:00:51","slug":"commentdebuter","status":"publish","type":"page","link":"https:\/\/skimboard.com\/edenv4\/commentdebuter\/","title":{"rendered":"Comment d\u00e9buter en skimboard et progresser"},"content":{"rendered":"<p><strong>Cet article s&#8217;adresse aux d\u00e9butants, mais aussi \u00e0 tous les skimboardeurs d\u00e9sireux d&#8217;am\u00e9liorer leur technique !<br \/>\n<\/strong>(pour choisir votre planche de skimboard consultez notre <a href=\"https:\/\/skimboard.com\/edenv4\/conseils\/\">Guide d&#8217;achat<\/a> )<\/p>\n<p>Si vous voulez faire \u00e7a:<br \/>\n<img loading=\"lazy\" decoding=\"async\" src=\"http:\/\/www.skimboard.com\/edenv3\/images\/diapo_accueil\/4.jpg\" alt=\"4\" width=\"301\" height=\"200\" \/><\/p>\n<p>Il faut d&#8217;abord savoir faire \u00e7a (glisser loin):<br \/>\n<img loading=\"lazy\" decoding=\"async\" src=\"http:\/\/www.skimboard.com\/edenv3\/images\/diapo_accueil\/glisse_d_approche_desax.jpg\" alt=\"glisse d approche desax\" width=\"229\" height=\"200\" \/><br \/>\nCe qui est diff\u00e9rent de \u00e7a !<br \/>\n<img loading=\"lazy\" decoding=\"async\" src=\"http:\/\/www.skimboard.com\/edenv3\/images\/images_diverses_surf_etc\/debutant.jpg\" alt=\"debutant\" width=\"267\" height=\"200\" \/><\/p>\n<p><strong>SOMMAIRE:<\/strong><\/p>\n<p>1\/ Comment fonctionne un skimboard ? C&#8217;est quoi le <em><strong>FLAT<\/strong> <\/em>? C&#8217;est quoi le <em><strong>SURF DE VAGUES<\/strong><\/em> en skimboard ? \u00a0Quelles diff\u00e9rences entre une planche de skimboard en bois et un Foamie ?<\/p>\n<p>2\/ Qui peut faire du skimboard ? A quel age ? Avec quelle condition physique ?<\/p>\n<p>3\/ Comment d\u00e9buter le skimboard ? Tutorial d\u00e9butant \/ cours de skimboard FLAT.<\/p>\n<p>4\/ Comment progresser en skimboard ? Tutorial \/ cours de skimboard de vagues.<\/p>\n<p>5\/ Vid\u00e9os p\u00e9dagogiques de skimboard.<\/p>\n<p><strong><br \/>\n1\/ COMMENT FONCTIONNE UN SKIMBOARD<\/strong> ?<\/p>\n<p><img loading=\"lazy\" decoding=\"async\" src=\"http:\/\/www.skimboard.com\/edenv3\/images\/images_diverses_surf_etc\/debutant_2.jpg\" alt=\"debutant 2\" width=\"400\" height=\"533\" \/><br \/>\nLe ph\u00e9nom\u00e8ne qui permet au skimboard de glisser sur le <strong>bord de la plage<\/strong> est l\u2019<a class=\"mw-redirect\" title=\"Aquaplaning\" href=\"http:\/\/fr.wikipedia.org\/wiki\/Aquaplaning\">aquaplaning<\/a>(<a class=\"mw-redirect\" title=\"Hydroplanage\" href=\"http:\/\/fr.wikipedia.org\/wiki\/Hydroplanage\">hydroplanage<\/a>). Lorsqu&#8217;on lance la planche sur une \u00e9tendue de sable plate recouverte d&#8217;une fine pellicule d&#8217;eau (plage \u00e0 mar\u00e9e basse, ou bord de lac et rivi\u00e8re) le mouvement de la planche entra\u00eene avec elle une &#8220;couche&#8221; d&#8217;eau qui s&#8217;accumule en sur-pression par dessous et &#8220;porte&#8221; la planche, comme un v\u00e9hicule \u00e0 coussin d&#8217;air (l\u00e0, c&#8217;est un coussin d&#8217;eau !).Mais si vous \u00eates \u00e0 l&#8217;arr\u00eat ou s&#8217;il n&#8217;y a plus d&#8217;eau sur le sable =&gt; la planche &#8220;colle&#8221; au sable et s&#8217;arr\u00eate net !<br \/>\nOn voit bien sur cette photo que l&#8217;avant de la planche est soulev\u00e9e par une accumulation d&#8217;eau qui la porte, comme des billes qui rouleraient entre la planche et le sable !<\/p>\n<p>On peut glisser tr\u00e8s loin m\u00eame avec une faible vitesse de course avec ce principe, et la planche est tr\u00e8s stable, car le sable &#8220;porte&#8221; la pellicule d&#8217;eau qui &#8220;porte&#8221; la planche. Il n&#8217;est pas n\u00e9cessaire d&#8217;avoir une grande planche, car la portance est forte.<br \/>\nLa sensation se rapproche plus du skateboard que du surf, et les figures que l&#8217;on peut faire sont similaires au skate (Ollie, Varial, 360\u00b0 etc&#8230;).<\/p>\n<p>On appelle cette pratique le skimboard\u00a0<em><strong>FLAT<\/strong>\u00a0<\/em>(sur le sable\u00a0<strong>plat = flat<\/strong> en anglais).<\/p>\n<p>Si l&#8217;on veut aller plus loin du bord, dans de l&#8217;eau profonde, l&#8217;aquaplanning ne marche plus du tout aussi bien, il y a trop d&#8217;eau sous la planche et elle se retrouve dans la situation d&#8217;un ski nautique: si la vitesse est trop faible elle coule imm\u00e9diatement car sa flottabilit\u00e9 est minime et compl\u00e8tement insuffisante pour porter un homme (comme un ski nautique \u00e0 l&#8217;arr\u00eat). Seule une vitesse suffisante la maintient en &#8220;planning&#8221;. La pratique devient donc beaucoup plus difficile et technique, mais aussi plus int\u00e9ressante, car elle permet le <strong>Surf de Vagues !<\/strong><\/p>\n<p><strong>Il existe donc deux types de pratique du skimboard:<\/strong><\/p>\n<p>Le\u00a0<strong>Flat<\/strong>, qui se pratique \u00e0 mar\u00e9e basse et g\u00e9n\u00e9ralement avec de simples planches en bois . Les vagues, qui se retirent lentement, laissent de grandes \u00e9tendues de sable plat recouvert d&#8217;une mince couche d&#8217;eau (moins de 1cm, pour bien glisser). Le rider lance sa planche devant lui, court derri\u00e8re, et saute dessus. \u00c0 partir de l\u00e0, il peut glisser tout droit ou encha\u00eener des figures (tricks) le plus souvent inspir\u00e9es du skateboard. C&#8217;est la pratique des d\u00e9butants, tr\u00e8s facile pour s&#8217;initier au skimboard, et ne n\u00e9cessitant pas une planche sophistiqu\u00e9e ni beaucoup de technique.<br \/>\nUn skimboard en bois est suffisant pour faire du Flat, \u00e0 condition d&#8217;\u00eatre de bonne qualit\u00e9 (pas de planche tordue dans tous les sens !), et de la bonne taille (une planche en bois pos\u00e9e debout doit vous arriver au nombril minimum !). Un skimboard Foamie (Shape fibre de verre) marchera encore mieux, mais il est beaucoup plus cher et son domaine de pr\u00e9dilection est le surf de vagues (Voir la suite &#8230;).<\/p>\n<p><span style=\"font-size: inherit;\">Le <\/span><strong style=\"font-size: inherit;\">Skimboard de Vagues<\/strong><span style=\"font-size: inherit;\"><span style=\"font-size: inherit;\">, qui est la &#8220;vraie&#8221; pratique de ce sport, qui n\u00e9cessite<\/span><\/span><span style=\"font-size: inherit;\">\u00a0une planche <strong><em>Foamie<\/em><\/strong> en composite et un bon entrainement.<br \/>\n<\/span><span style=\"font-size: inherit;\">Le skimboardeur court avec sa planche dans les mains vers la vague qui va d\u00e9rouler , il lance sa planche en pleine course juste devant lui, presque sous ses pieds, et monte dessus imm\u00e9diatement (= <\/span><strong style=\"font-size: inherit;\"><em>Mont\u00e9e rapide<\/em><\/strong><span style=\"font-size: inherit;\">). Profitant de l&#8217;inertie du mouvement et de la pente de la plage il continue \u00e0 glisser sur l&#8217;eau plus profonde afin d&#8217;aller percuter la vague qui arrive, le plus loin possible du bord, en r\u00e9alisant des figures tr\u00e8s similaires \u00e0 celles du surf.<\/span><\/p>\n<p><strong>2\/ QUI PEUT FAIRE DU SKIMBOARD,\u00a0\u00c0 QUEL AGE, AVEC QUELLE CONDITION PHYSIQUE ?<\/strong><br \/>\nil n&#8217;y a pas de morphologie typique \u00e0 avoir pour pratiquer le skimboard, certains champions sont petits et &#8220;fins&#8221;,\u00a0 d&#8217;autres font 1,90m\u00a0 ou sont tr\u00e8s baraqu\u00e9s. En revanche le &#8220;surpoids&#8221; est un probl\u00e8me, car il ralentit la course.<br \/>\nGlobalement il faut \u00eatre souple et rapide \u00e0 la course, et voil\u00e0 tout. La pratique du surf ou du snowboard peut aider, mais moins que celle de l&#8217;athl\u00e9tisme ou du skateboard.<br \/>\nPour les enfants\/ados nul besoin d&#8217;\u00eatre d\u00e9j\u00e0 sportif, il faut un d\u00e9but \u00e0 tout\u00a0 \ud83d\ude09\u00a0 en revanche pass\u00e9 30 ans il vaut beaucoup mieux \u00eatre d\u00e9j\u00e0 un peu sportif pour s&#8217;y mettre&#8230;<br \/>\n<strong>Votre age aussi est important !<\/strong> Il faut savoir que le skimboard est un sport &#8220;de jeunes&#8221;, comme le skateboard, et que plus on tarde \u00e0 s&#8217;y mettre plus c&#8217;est dur, comme presque tous les sports de glisse malheureusement&#8230;. Pour avoir une chance de devenir un authentique champion de la &#8220;vague du bord&#8221; il faut commencer adolescent.<br \/>\nPrendre des grosses vagues comme on le voit sur les vid\u00e9os des champions c&#8217;est quelque chose de vraiment difficile, il faut le savoir. En revanche courir derri\u00e8re sa planche et glisser dessus autant qu&#8217;on veut, sur une plage au soleil, au lieu de s&#8217;ennuyer sur sa serviette, \u00e7a c&#8217;est facile et faisable m\u00eame apr\u00e8s 40 ans (pour les d\u00e9j\u00e0 sportifs !). Et c&#8217;est aussi \u00e7a, l&#8217;esprit du skimboard\u00a0 \u00a0\ud83d\ude42<br \/>\n<img loading=\"lazy\" decoding=\"async\" class=\"alignnone size-medium wp-image-5935\" src=\"https:\/\/skimboard.com\/edenv4\/wp-content\/uploads\/2023\/05\/pads-eden_2boards-256x300.jpg\" alt=\"\" width=\"256\" height=\"300\" srcset=\"https:\/\/skimboard.com\/edenv4\/wp-content\/uploads\/2023\/05\/pads-eden_2boards-256x300.jpg 256w, https:\/\/skimboard.com\/edenv4\/wp-content\/uploads\/2023\/05\/pads-eden_2boards-scaled-600x703.jpg 600w, https:\/\/skimboard.com\/edenv4\/wp-content\/uploads\/2023\/05\/pads-eden_2boards-874x1024.jpg 874w, https:\/\/skimboard.com\/edenv4\/wp-content\/uploads\/2023\/05\/pads-eden_2boards-768x900.jpg 768w, https:\/\/skimboard.com\/edenv4\/wp-content\/uploads\/2023\/05\/pads-eden_2boards-1311x1536.jpg 1311w, https:\/\/skimboard.com\/edenv4\/wp-content\/uploads\/2023\/05\/pads-eden_2boards-1749x2048.jpg 1749w, https:\/\/skimboard.com\/edenv4\/wp-content\/uploads\/2023\/05\/pads-eden_2boards-676x792.jpg 676w\" sizes=\"auto, (max-width: 256px) 100vw, 256px\" \/><\/p>\n<p><strong>3\/ Comment d\u00e9buter ? Tutorial d\u00e9butant \/ cours de skimboard <em>FLAT<\/em> :<br \/>\n<\/strong>Voir aussi les vid\u00e9os en bas de page, mais LISEZ d&#8217;abord ceci car les vid\u00e9os sont toutes en anglais et ne disent pas tout.<\/p>\n<p>Faire du skimboard <em>FLAT<\/em> est enfantin, la technique est tr\u00e8s simple et ne demande que de la souplesse (surtout pour les chutes &#8230;.).<br \/>\nD&#8217;abord s&#8217;\u00e9chauffer correctement (surtout pour les plus de 20 ans), comme pour tous les sports, les jambes, les \u00e9paules, la nuque, le dos, doivent \u00eatre en &#8220;\u00e9tat de marche&#8221; AVANT de commencer la premi\u00e8re glisse, pas l&#8217;inverse, sinon on se fera mal \u00e0 la premi\u00e8re chute !<\/p>\n<p>Choisissez un bout de plage sans cailloux, \u00e0 mar\u00e9e basse si possible quand la plage est plate avec une fine pellicule d&#8217;eau apport\u00e9e par de petites vagues. Plus l&#8217;\u00e9paisseur d&#8217;eau est faible, plus ce sera facile (s&#8217;il n&#8217;y a pas assez d&#8217;eau&#8230; vous le verrez tout de suite ^^). Vous lancez la planche devant vous, bien dans l&#8217;axe, vous la rattrapez en courant quelques pas, et vous montez dessus &#8220;en marche&#8221; comme sur un tapis roulant. Il ne faut pas SAUTER dessus, surtout pas \u00e0 pieds joints, mais MONTER EN SOUPLESSE comme si la planche \u00e9tait fragile, avec le moins d&#8217;impact possible.<br \/>\nIl est primordial de bien fl\u00e9chir les jambes une fois sur la planche, c&#8217;est bon pour l&#8217;\u00e9quilibre et on tombe de moins haut. Le buste est de 3\/4 (pas de profil !), la t\u00eate bien de face (comme en conduisant un v\u00e9lo), et les bras \u00e9tendus souplement pour l&#8217;\u00e9quilibrage.<br \/>\n<strong>IMPORTANT:<\/strong> Si vous tombez, <strong>surtout ne tendez pas le bras vers le sol<\/strong>, c&#8217;est le meilleur moyen de se d\u00e9boiter l&#8217;\u00e9paule \u00a0\ud83d\ude41 \u00a0Il faut se laisser rouler en souplesse, apr\u00e8s tout ce n&#8217;est que du sable. Si vous pensez \u00e0 bien fl\u00e9chir vos jambes, les chutes ne seront pas un probl\u00e8me.<\/p>\n<p><strong>4\/ Comment progresser ? Tutorial \/ cours de skimboard de vagues.<br \/>\n<\/strong>Globalement le skim de vague c&#8217;est \u00e0 80% une bonne course d&#8217;\u00e9lan et une bonne <em><strong>Mont\u00e9e Rapide<\/strong><\/em><strong>,<\/strong> de la m\u00eame mani\u00e8re qu&#8217;en surf c&#8217;est une bonne rame et un bon Take Off. Les grosses figures de pros Rollers A\u00e9rials et compagnie, se sera pour plus tard.<br \/>\nLa <em><strong>Mont\u00e9e Rapide<\/strong><\/em>\u00a0c&#8217;est monter sur sa planche en pleine course, d\u00e8s qu&#8217;elle touche l&#8217;eau, et ne plus courir derri\u00e8re plusieurs m\u00e8tres comme pour le <strong><em>Flat<\/em><\/strong>. Cela demande une tr\u00e8s bonne coordination (courir &gt;&gt; lancer la planche &gt;&gt; monter dessus sans la prendre dans les tibias &gt;&gt; glisser en gardant une bonne position du corps), \u00e7a doit se faire instinctivement, sans r\u00e9fl\u00e9chir, comme pour le v\u00e9lo on ne pense pas \u00e0 l&#8217;avance &#8220;<em>je vais me pencher comme \u00e7a, et puis tourner le guidon comme \u00e7a..<\/em>&#8221; on SENT le truc et voil\u00e0. Mais comme pour le v\u00e9lo il y a un temps d&#8217;apprentissage o\u00f9 on n&#8217;arr\u00eate pas de prendre des gamelles \u00a0\ud83d\ude41\u00a0\u00a0 et \u00e0 un moment on prend le truc et Hop \u00e7a roule\u00a0 \ud83d\ude42<\/p>\n<h2><strong>Je recommande un apprentissage de la mont\u00e9e rapide en 4 phases:<\/strong><\/h2>\n<p>N&#8217;oubliez pas l&#8217;\u00e9chauffement avant &#8230;<\/p>\n<p><strong>La course:<\/strong><br \/>\nCourez le plus vite possible avec votre planche dans les mains, sans qu&#8217;elle vous g\u00eane. Les bras doivent bouger normalement, sans \u00eatre &#8220;coinc\u00e9s&#8221; \u00e0 cause de la planche, sinon vous ne courrez jamais vite. Vous devez oubliez votre planche. Regardez loin devant vous.<br \/>\nQuand vous sentez que la planche ne vous g\u00e8ne plus pour courir, passez \u00e0 l&#8217;\u00e9tape suivante.<\/p>\n<p><strong>La mont\u00e9e d&#8217;entrainement sur la sable sec:\u00a0<\/strong><br \/>\nPosez la planche sur le sable sec, dans le sens de la pente, partez de quelques m\u00e8tres derri\u00e8re, faites quelques pas rapides et montez sur la planche (Voir paragraphe ci-apr\u00e8s + la vid\u00e9o). Si vous avez bien fl\u00e9chi vos jambes en montant, la planche va glisser un peu, avec vous dessus, mais si vos jambes sont raides ou si vous avez saut\u00e9 \u00e0 pied joint comme un bourrin, la planche restera coll\u00e9e sur le sable et vous tomberez en avant.<br \/>\n<a href=\"https:\/\/www.youtube.com\/watch?v=eZx3-_VSFQY\">Voir la vid\u00e9o:\u00a0<\/a><\/p>\n<p><strong style=\"font-size: inherit;\">Le lancer de planche:<br \/>\n<\/strong><span style=\"font-size: inherit;\">A mar\u00e9e basse, dans les m\u00eames conditions que pour faire du skimboard <em><strong>Flat<\/strong><\/em> (sable plat, fine pellicule d&#8217;eau), courez <strong>doucement<\/strong> quelques m\u00e8tres et lancez votre planche devant vous, bien dans l&#8217;axe, <strong>pas sur votre cot\u00e9<\/strong>, sans ralentir votre course (c&#8217;est \u00e7a qui est dur) simplement en tendant les bras vers le sol pour <\/span><strong style=\"font-size: inherit;\">plaquer<\/strong><span style=\"font-size: inherit;\"> votre planche violemment au sol. Il ne faut ni se baisser, ni la lancer mollement (elle s&#8217;envolerait). Elle ne doit pas glisser plus vite que vous, mais juste \u00e0 la m\u00eame vitesse que vous.\u00a0<\/span><span style=\"font-size: inherit;\">Normalement elle doit se retrouver exactement devant vous, \u00e0 l&#8217;endroit o\u00f9 vos pieds se poseraient si vous continuiez \u00e0 courir en ligne droite.<br \/>\n<\/span><span style=\"font-size: inherit;\"><strong>Remarque:<\/strong> Les d\u00e9butants lancent leur planche toujours sur le cot\u00e9, comme une boule de bowling, mais non, il faut la lancer <\/span><strong style=\"font-size: inherit;\">devant vous<\/strong><span style=\"font-size: inherit;\"> ! Le secret est de plaquer le coude du bras qui tient l&#8217;arri\u00e8re de la planche contre votre ventre au moment du lancer, pour rester dans l&#8217;axe. Ils ont aussi tendance \u00e0 regarder leur planche en courant, c&#8217;est \u00e0 la fois dangereux (on ne voit pas o\u00f9 on va) et\u00a0<\/span>inefficace<span style=\"font-size: inherit;\">\u00a0pour courir vite \u00a0\ud83d\ude41<br \/>\n<\/span><span style=\"font-size: inherit;\">R\u00e9p\u00e9tez cet exercice autant de fois que n\u00e9cessaire, jusqu&#8217;\u00e0 ce que vous soyez s\u00fbr de vous, et que <\/span><strong style=\"font-size: inherit;\">votre planche glisse bien dans l&#8217;axe devant vous et pas en crabe n&#8217;importe comment.<\/strong><span style=\"font-size: inherit;\"><br \/>\n<\/span><\/p>\n<p><strong style=\"font-size: inherit;\">La mont\u00e9e sur la planche, en pleine course:<br \/>\n<\/strong>Une fois le lancer effectu\u00e9, montez sur la planche imm\u00e9diatement, en faisant un seul pas, deux maximum. Le truc difficile \u00e0 choper c&#8217;est qu&#8217;il ne faut pas sauter dessus, mais juste <strong>marcher<\/strong> dessus en route, en <strong>fl\u00e9chissant bien les jambes<\/strong> pour amortir et avoir plus d&#8217;\u00e9quilibre.<br \/>\nOn peut poser d&#8217;abord le pied arri\u00e8re puis le pied avant, ou l&#8217;inverse au choix, mais il ne faut jamais sauter les 2 pieds en m\u00eame temps car cela d\u00e9stabilise la planche et rend les chutes plus violentes !<\/p>\n<p><strong>Important:<\/strong> Regardez loin devant vous en courant, et regardez vers la vague d\u00e8s que vous glissez. <strong>Ne regardez\u00a0 votre planche ou vos\u00a0pieds\u00a0que une ou deux secondes pendant la mont\u00e9e, c&#8217;est tout !<\/strong> Les d\u00e9butants sont toujours hypnotis\u00e9s par leur planche et ne la quitte pas des yeux m\u00eame en courant, c&#8217;est le meilleur moyen pour percuter un baigneur et rater sa vague (qu&#8217;on ne voit plus arriver &#8230;). <strong>Regardez devant vous, comme sur un v\u00e9lo !<\/strong><br \/>\nVos pieds doivent se poser tout de suite au bon endroit, bien sur l&#8217;axe central, c&#8217;est \u00e0 \u00e7a que servent les <a href=\"https:\/\/skimboard.com\/edenv4\/grips\/\">grips<\/a>, le pied arri\u00e8re au centre du pad arri\u00e8re, le pied avant au 2\/3 avant de la planche et \u00e0 cheval sur la <a href=\"https:\/\/skimboard.com\/edenv4\/grips\/barres-avant\/\">barre avant<\/a>. Si vos pieds sont trop rapproch\u00e9s l&#8217;un de l&#8217;autre vous n&#8217;aurez pas d&#8217;\u00e9quilibre.<\/p>\n<p><strong>MPORTANT (bis repetita):<\/strong> Si vous tombez, <strong>surtout ne tendez pas le bras vers le sol<\/strong>, c&#8217;est le meilleur moyen de se d\u00e9boiter l&#8217;\u00e9paule \u00a0\ud83d\ude41 \u00a0Il faut se laisser rouler en souplesse, apr\u00e8s tout ce n&#8217;est que du sable. Si vous pensez \u00e0 bien fl\u00e9chir vos jambes, les chutes ne seront pas un probl\u00e8me.<\/p>\n<p>L\u00e0 c&#8217;est Cyril Hemmer, le premier grand champion fran\u00e7ais. Sa position est parfaite, m\u00eame s&#8217;il est tr\u00e8s bas. Epaules de 3\/4, la t\u00eate bien de face, les yeux sur la vague qui arrive.\u00a0<img loading=\"lazy\" decoding=\"async\" class=\"alignnone size-large wp-image-1078\" src=\"https:\/\/skimboard.com\/edenv4\/wp-content\/uploads\/2017\/06\/ciryl_guadeloupe_deshaye1-1024x650.jpg\" alt=\"\" width=\"676\" height=\"429\" srcset=\"https:\/\/skimboard.com\/edenv4\/wp-content\/uploads\/2017\/06\/ciryl_guadeloupe_deshaye1-1024x650.jpg 1024w, https:\/\/skimboard.com\/edenv4\/wp-content\/uploads\/2017\/06\/ciryl_guadeloupe_deshaye1-600x381.jpg 600w, https:\/\/skimboard.com\/edenv4\/wp-content\/uploads\/2017\/06\/ciryl_guadeloupe_deshaye1-300x191.jpg 300w, https:\/\/skimboard.com\/edenv4\/wp-content\/uploads\/2017\/06\/ciryl_guadeloupe_deshaye1-768x488.jpg 768w, https:\/\/skimboard.com\/edenv4\/wp-content\/uploads\/2017\/06\/ciryl_guadeloupe_deshaye1-676x429.jpg 676w, https:\/\/skimboard.com\/edenv4\/wp-content\/uploads\/2017\/06\/ciryl_guadeloupe_deshaye1.jpg 1696w\" sizes=\"auto, (max-width: 676px) 100vw, 676px\" \/><\/p>\n<p>A comparer avec la position du d\u00e9butant ordinaire: jambes raides, buste et t\u00eate de profil, les yeux riv\u00e9s au sol &#8230;<br \/>\n<img loading=\"lazy\" decoding=\"async\" class=\"alignnone size-full wp-image-887\" src=\"https:\/\/skimboard.com\/edenv4\/wp-content\/uploads\/2017\/06\/debutant.jpg\" alt=\"\" width=\"259\" height=\"194\" \/><\/p>\n<p><strong>5\/ Vid\u00e9os p\u00e9dagogiques de skimboard:<\/strong><br \/>\nIl y a sur Internet d&#8217;assez bonnes vid\u00e9os p\u00e9dagogiques qui vous montrent tout \u00e7a, regardez-les soigneusement.<br \/>\nSurtout celle du site\u00a0 \u00a0avec le pro Austin Keen\u00a0 (plusieurs vid\u00e9os similaires):<\/p>\n<p><a href=\"https:\/\/www.youtube.com\/watch?v=J5pYqPSGpcQ\">https:\/\/www.youtube.com\/watch?v=J5pYqPSGpcQ<\/a><\/p>\n<p><a href=\"https:\/\/www.youtube.com\/watch?v=Mkt1hetpTbo\">https:\/\/www.youtube.com\/watch?v=Mkt1hetpTbo<\/a><\/p>\n","protected":false},"excerpt":{"rendered":"<p>Cet article s&#8217;adresse aux d\u00e9butants, mais aussi \u00e0 tous les skimboardeurs d\u00e9sireux d&#8217;am\u00e9liorer leur technique ! (pour choisir votre planche de skimboard consultez notre Guide d&#8217;achat ) Si vous voulez faire \u00e7a: Il faut d&#8217;abord savoir faire \u00e7a (glisser loin): Ce qui est diff\u00e9rent de \u00e7a ! SOMMAIRE: 1\/ Comment fonctionne un skimboard ? C&#8217;est [&hellip;]<\/p>\n","protected":false},"author":1,"featured_media":0,"parent":0,"menu_order":8,"comment_status":"closed","ping_status":"closed","template":"","meta":{"footnotes":""},"class_list":["post-147","page","type-page","status-publish","hentry","post-preview"],"_links":{"self":[{"href":"https:\/\/skimboard.com\/edenv4\/wp-json\/wp\/v2\/pages\/147","targetHints":{"allow":["GET"]}}],"collection":[{"href":"https:\/\/skimboard.com\/edenv4\/wp-json\/wp\/v2\/pages"}],"about":[{"href":"https:\/\/skimboard.com\/edenv4\/wp-json\/wp\/v2\/types\/page"}],"author":[{"embeddable":true,"href":"https:\/\/skimboard.com\/edenv4\/wp-json\/wp\/v2\/users\/1"}],"replies":[{"embeddable":true,"href":"https:\/\/skimboard.com\/edenv4\/wp-json\/wp\/v2\/comments?post=147"}],"version-history":[{"count":22,"href":"https:\/\/skimboard.com\/edenv4\/wp-json\/wp\/v2\/pages\/147\/revisions"}],"predecessor-version":[{"id":8457,"href":"https:\/\/skimboard.com\/edenv4\/wp-json\/wp\/v2\/pages\/147\/revisions\/8457"}],"wp:attachment":[{"href":"https:\/\/skimboard.com\/edenv4\/wp-json\/wp\/v2\/media?parent=147"}],"curies":[{"name":"wp","href":"https:\/\/api.w.org\/{rel}","templated":true}]}}