{"id":129,"date":"2012-03-17T23:56:06","date_gmt":"2012-03-17T22:56:06","guid":{"rendered":"http:\/\/skimboard.com\/edenv4\/dutyfreeshop\/"},"modified":"2023-05-22T18:50:56","modified_gmt":"2023-05-22T17:50:56","slug":"dutyfreeshop","status":"publish","type":"page","link":"https:\/\/skimboard.com\/edenv4\/dutyfreeshop\/","title":{"rendered":"Duty Free sans TVA"},"content":{"rendered":"<p>Pour un envoi vers les DOM-TOM fran\u00e7ais, ou un pays \u00e9tranger hors CEE, vous b\u00e9n\u00e9ficiez automatiquement du prix \u00a0<em><strong>DUTY FREE sans TVA <\/strong><\/em>afin de vous \u00e9viter de payer deux fois la TVA fran\u00e7aise \u00a0pour les DOM-TOM, ou les taxes d&#8217;importation pour les pays \u00e9trangers.<br \/>\nCe qui veut dire que nous vous facturerons vos produits hors taxes, en enlevant les 20% de TVA qui sont inclus dans nos prix indiqu\u00e9s sur ce site.<\/p>\n<p>La plupart des sites de vente par Internet bas\u00e9s hors CEE ne sont pas clairs sur la TVA que vous devrez pay\u00e9e \u00e0 l&#8217;arriv\u00e9e, et vous risquez de mauvaises surprises. Lisez <a href=\"https:\/\/skimboard.com\/edenv4\/prixmondial\/\">Achat hors CEE et TVA<\/a><\/p>\n<p>Pour connaitre le prix <em><strong>Duty Free sans TVA<\/strong><\/em>, il suffit de diviser le prix indiqu\u00e9 par 1,2 suivant la bonne vieille formule TTC\/1,2=HT \u00a0(pour TVA \u00e0 20%)<br \/>\nPar exemple une planche au prix indiqu\u00e9 de 300 \u20ac vous sera factur\u00e9e seulement\u00a0 300 \u20ac \/1,2 = 250 \u20ac<\/p>\n<p>Cependant attention, vous aurez certainement des taxes \u00e0 payer \u00e0 l&#8217;arriv\u00e9e du colis chez vous, comme pour tous vos autres achats par Internet:<\/p>\n<ul>\n<li><strong>Pour les Dom-Tom<\/strong> il y aura la TVA fran\u00e7aise de 20% plus parfois des taxes locales (renseignez-vous aux services de douane locaux), ce qui veut dire que le prix final de votre planche sera \u00e0 peu pr\u00e8s celui indiqu\u00e9 TTC sur ce site. Mais au moins vous ne paierez pas deux fois votre TVA.<\/li>\n<li><strong>Pour l&#8217;\u00e9tranger hors CEE<\/strong> renseignez-vous aux services de douane locaux.<\/li>\n<\/ul>\n<p><strong>Remarque sur le transport longue distance:\u00a0<\/strong><br \/>\nLe co\u00fbt du transport vous sera communiqu\u00e9 avec votre devis, en fonction du poids de votre colis et donc du nombre d&#8217;articles.<\/p>\n<p>Il faut savoir que pour les envois longue distance il est bien plus rentable de faire un seul gros colis que plusieurs petits. Vous aurez donc int\u00e9r\u00eat \u00e0 grouper le maximum de skimboards et d&#8217;accessoires dans un m\u00eame envoi, et m\u00eame \u00e0 vous grouper avec des amis, pour faire un envoi commun.<br \/>\nSi vous regroupez plusieurs skimboards dans un m\u00eame colis, en plus d&#8217;un meilleur prix pour le transport nous vous offrirons une r\u00e9duction &#8220;prix de gros&#8221; sur les planches (nous consulter).<\/p>\n<p><strong>En savoir plus:<\/strong><br \/>\nCe n&#8217;est pas la m\u00eame chose que le \u00a0Duty Free Shop des a\u00e9roports internationaux, qui est tr\u00e8s particulier, ne concerne que peu de produits, et n&#8217;est pas applicable l\u00e9galement aux ventes par Internet.<br \/>\nAvec l&#8217;informatisation des douanes il est devenu impossible de tricher sur la TVA, les colis sont trac\u00e9s. Que votre planche vienne de Californie, de Chine, ou de chez nous, \u00e7a ne change rien, vous paierez les taxes d&#8217;une mani\u00e8re ou d&#8217;une autre, quoi que certains vendeurs puissent vous raconter &#8230;<br \/>\n<em>&#8220;En ce monde rien n&#8217;est certain, \u00e0 part la mort et les imp\u00f4ts&#8221; \u00a0 Benjamin Franklin \u00a0\ud83d\ude09<\/em><\/p>\n","protected":false},"excerpt":{"rendered":"<p>Pour un envoi vers les DOM-TOM fran\u00e7ais, ou un pays \u00e9tranger hors CEE, vous b\u00e9n\u00e9ficiez automatiquement du prix \u00a0DUTY FREE sans TVA afin de vous \u00e9viter de payer deux fois la TVA fran\u00e7aise \u00a0pour les DOM-TOM, ou les taxes d&#8217;importation pour les pays \u00e9trangers. Ce qui veut dire que nous vous facturerons vos produits hors [&hellip;]<\/p>\n","protected":false},"author":1,"featured_media":0,"parent":0,"menu_order":21,"comment_status":"closed","ping_status":"closed","template":"","meta":{"footnotes":""},"class_list":["post-129","page","type-page","status-publish","hentry","post-preview"],"_links":{"self":[{"href":"https:\/\/skimboard.com\/edenv4\/wp-json\/wp\/v2\/pages\/129","targetHints":{"allow":["GET"]}}],"collection":[{"href":"https:\/\/skimboard.com\/edenv4\/wp-json\/wp\/v2\/pages"}],"about":[{"href":"https:\/\/skimboard.com\/edenv4\/wp-json\/wp\/v2\/types\/page"}],"author":[{"embeddable":true,"href":"https:\/\/skimboard.com\/edenv4\/wp-json\/wp\/v2\/users\/1"}],"replies":[{"embeddable":true,"href":"https:\/\/skimboard.com\/edenv4\/wp-json\/wp\/v2\/comments?post=129"}],"version-history":[{"count":3,"href":"https:\/\/skimboard.com\/edenv4\/wp-json\/wp\/v2\/pages\/129\/revisions"}],"predecessor-version":[{"id":6723,"href":"https:\/\/skimboard.com\/edenv4\/wp-json\/wp\/v2\/pages\/129\/revisions\/6723"}],"wp:attachment":[{"href":"https:\/\/skimboard.com\/edenv4\/wp-json\/wp\/v2\/media?parent=129"}],"curies":[{"name":"wp","href":"https:\/\/api.w.org\/{rel}","templated":true}]}}